(-16)/(-3) - 20/(-30) is divided by 2.
0
Let m(c) = -5*c + 9*c + 5*c + 2 + 2*c. What is the remainder when 46 is divided by m(2)?
22
Suppose -49 - 32 = 3*w. Let s = w - -45. Let o = -73 - -107. Calculate the remainder when o is divided by s.
16
Let x(f) = -9*f - 2. Suppose -2*a = 3*u - 2, 2*a = -2*a + 3*u + 40. Calculate the remainder when x(-3) is divided by a.
4
Let d(f) = f**3 + 7*f**2 - 11*f - 10. What is the remainder when 40 is divided by d(-8)?
12
Let k(i) = 9*i**2 + 3. What is the remainder when 155 is divided by k(2)?
38
Suppose -2*u = -4*u - 288. Suppose -3*b = -8*b + 95. Calculate the remainder when b is divided by u/(-15) - (-2)/5.
9
Let b(i) = -i**3 + 11*i**2 - 14*i - 9. Let m(u) = u**3 - 11*u**2 + 13*u + 9. Let h(q) = -4*b(q) - 5*m(q). Calculate the remainder when 1 is divided by h(10).
0
Let s = 6 + 16. What is the remainder when s is divided by 6?
4
Suppose -9 = 2*h - 21. What is the remainder when 11 is divided by h?
5
Suppose 80 = -5*x + 3*x. Let k = x + 72. Calculate the remainder when k is divided by 17.
15
Let o(y) = -y**3 - 7*y**2 - 3*y + 4. What is the remainder when o(-7) is divided by 13?
12
What is the remainder when 62 is divided by 1 + 0 + (-1 - -6)?
2
Let f = 14 + -5. Let i be (3 + -6)/(1/(-7)). Let n = i - f. What is the remainder when 23 is divided by n?
11
Let y(u) = u**3 + 6*u**2 + 4*u + 7. Calculate the remainder when 45 is divided by y(-5).
9
What is the remainder when 38 is divided by (-6 + 8)*(-26)/(-4)?
12
Let h = 52 + 0. Suppose h = i - 15. What is the remainder when i is divided by 14?
11
Suppose -4*d + 28 = 4*h - 4, 3*d - 5*h = 48. Calculate the remainder when 97 is divided by d.
9
Let w(s) = -20*s. Let a = 5 - 6. What is the remainder when w(a) is divided by 11?
9
Let x(y) = y**3 + 7*y**2 - 3*y - 5. What is the remainder when x(-6) is divided by 17?
15
Suppose 3*h + 0 + 3 = -3*u, 2*u = 4*h + 16. Let r = u - 2. Calculate the remainder when 56 is divided by (r - -38)*(-1)/(-2).
18
Suppose 4*d = 4*y - 12, -3*y + 9 = -d + 5*d. Calculate the remainder when ((-8)/10)/(y/(-195)) is divided by 18.
16
Let b = -7 + 11. Suppose 12 = -b*c + 76. What is the remainder when c is divided by 6?
4
Suppose 2*k - 6 = 0, -3*o + 3 = -0*o - 3*k. Let i(z) = z**3 - 6*z**2 + 6*z - 7. Let w be i(5). Calculate the remainder when o is divided by (0/1 - w) + 0.
0
Let a(r) = 181*r**3 - 2*r**2 + 1. Let m be a(1). Let u = -106 + m. Calculate the remainder when u is divided by 25.
24
Suppose 0 = 3*g + g - 24. Let a(q) = -q**2 + 6*q - 9. Let d be a(3). Let k = g + d. Calculate the remainder when 16 is divided by k.
4
Let a(j) = -j**2 + 20*j - 7. Suppose 18 = 2*u + 2. What is the remainder when a(u) is divided by 23?
20
Let x = 39 + -24. What is the remainder when 27 is divided by x?
12
Suppose -4*a - a = 0, 3*u - 42 = 2*a. Calculate the remainder when 24 is divided by u.
10
Suppose 9*g = 4*g + 15. Let l(i) = i**2 - 4. What is the remainder when 7 is divided by l(g)?
2
Let g(a) = -a**2 + 9*a - 3. Let c be g(9). Calculate the remainder when 21 is divided by (1 + 33/(-9))*c.
5
Let f(c) = 4*c - 14. Calculate the remainder when 3 is divided by f(4).
1
Calculate the remainder when 79 is divided by (-3 - 1)/((-3)/12).
15
Suppose 0 = -v + 5*p + 22, 0*v - 4*p = 2*v - 2. Suppose -t = 2*t - 75. What is the remainder when t is divided by v?
4
Suppose 0 = 2*w + 2*m - 32, -3*w + 5*m = m - 69. What is the remainder when 36 is divided by w?
17
Let h(w) = 2*w**2 - 11*w - 3. Suppose 6*d - 3*d = 27. Let s = d - 1. What is the remainder when h(s) is divided by 13?
11
Suppose -4*f = 5*v + 12, 0*v + v - 15 = 5*f. Calculate the remainder when 1 - -31 - (-5 - f) is divided by 18.
16
Let x = 13 + -5. Suppose 6*m = -38 + 68. Calculate the remainder when x is divided by m.
3
Suppose d = -2*d. Let g be ((-1)/(-2) - d)*0. Let h = 2 + g. Calculate the remainder when 4 is divided by h.
0
Calculate the remainder when 74 is divided by (-2 - 3)/(2/(-10)).
24
Let i(v) = -v**3 - 3*v**2 + v - 6. What is the remainder when i(-5) is divided by 20?
19
Suppose -3*n + 4*s - 47 = 0, 3*s = -0*n - 2*n - 3. Calculate the remainder when (-89)/(-2)*(n - -11) is divided by 23.
20
Let x = 11 + -3. What is the remainder when 22 is divided by x?
6
Calculate the remainder when 43 is divided by 29/(-145) - (-86)/5.
9
Suppose 3*d - 4 - 29 = 0. Calculate the remainder when (1 - -39)*d/22 is divided by 7.
6
Suppose 0 = 6*v + 24 - 78. What is the remainder when 114 is divided by v?
6
Suppose 0 = 49*n - 45*n - 376. What is the remainder when n is divided by 8?
6
Let v = 265 + -254. Suppose 5*c - 230 = -0*f + 5*f, -2*c + 4*f = -98. What is the remainder when c is divided by v?
10
Suppose -30 = -7*y + 47. What is the remainder when 31 is divided by y?
9
Suppose -2*p - 104 = -6*l + l, 0 = p - 3. What is the remainder when l is divided by 6?
4
Let l(f) = -2*f - 5. Let p be l(5). Let a be p*4/9*-3. Suppose -z + 11 = o, -2*o = -3*z + 6*z - a. Calculate the remainder when 23 is divided by o.
10
What is the remainder when 7 is divided by (-11 - -14)/((-6)/(-4))?
1
Suppose 0 = 4*r - 0*r - 80. What is the remainder when 78 is divided by r?
18
What is the remainder when 1 + 1 + 17 + 103 is divided by 41?
40
Suppose -3*z + 157 = 3*m - z, -4*m + 221 = 5*z. Calculate the remainder when m is divided by 17.
15
Let p be ((-3)/2)/(9/12). Let u(b) = 9*b**2 + 3*b + 1. Calculate the remainder when u(p) is divided by 8.
7
Let k(f) = -2*f - 5. Let p be k(-4). Suppose -q + p*q - 68 = 0. Let r(m) = m**2 - 3*m. Calculate the remainder when q is divided by r(6).
16
Let x(f) = 4*f - 1. Let q(o) = o - 7. Calculate the remainder when q(20) is divided by x(1).
1
Suppose -y = l - 0*l - 22, 0 = l. Let m(d) = 63*d**3 + d**2 - 2*d + 1. Calculate the remainder when m(1) is divided by y.
19
Suppose -19 + 4 = -t. Let b(i) = 3*i**2 + 5*i - 2. Let f be b(-4). Suppose -3*x = -2*p + 50, 0*p - x = -p + f. Calculate the remainder when p is divided by t.
13
Let c(k) = 2*k**3 - 6*k + 5. Calculate the remainder when 79 is divided by c(2).
7
Let t = 247 + -145. What is the remainder when t is divided by 35?
32
Suppose -5*l + 76 = -3*p, 0*p - 4 = 2*p. What is the remainder when 1*(-2)/(-2)*26 is divided by l?
12
Let t = -19 + 34. What is the remainder when t is divided by ((-46)/(-10) - 4)/((-2)/(-20))?
3
Let v(s) = 33*s**2 + s. What is the remainder when 66 is divided by v(1)?
32
Suppose -6*v = 66 - 234. What is the remainder when 105 is divided by v?
21
Suppose 21 + 57 = 13*m. Calculate the remainder when m is divided by 5.
1
Let c(t) = -59*t**2 + t. Let w be c(1). Let q = 94 + w. Calculate the remainder when q is divided by 19.
17
Let w be ((-15)/(-4))/((-6)/16). Let j(d) = -3*d + 4. Let o = 18 + 0. What is the remainder when j(w) is divided by o?
16
Let f be 24/(-9)*(-18)/8. Suppose 5*n = -25, -4*r + 3*n - 12 + 315 = 0. Suppose 3*p + r = f*p. Calculate the remainder when p is divided by 9.
6
Let f(c) = -c**2 + 13*c + 2. What is the remainder when 6 is divided by f(13)?
0
Let m(s) = 5*s**3 - 2*s**2 + 2*s - 1. Let y be m(1). Suppose -j + 90 = y*j. Calculate the remainder when 52 is divided by j.
16
Let a = 26 + -20. Calculate the remainder when 34 is divided by a.
4
Let h(b) = -b**2 - 10*b - 11. Let o(p) = 13*p**2 - p - 1. Calculate the remainder when o(-1) is divided by h(-8).
3
Let x(a) = a**2 - 8*a + 1. Let n be (-1)/(-2)*(-120)/1. What is the remainder when 7/((-14)/n) + -1 is divided by x(9)?
9
Suppose 5*i - 48 = -5*z + 212, -98 = -2*z + i. Calculate the remainder when z is divided by 26.
24
Let q(r) = -r**2 - 5 + 0*r - r**3 + 7*r**2 + r + 3. What is the remainder when 6 is divided by q(6)?
2
Suppose 148 = -4*g - 0*g. Let w = 63 + g. What is the remainder when w is divided by 9?
8
Suppose 2*f + 4*r - 69 = -25, -5*r - 170 = -5*f. Calculate the remainder when 116 is divided by f.
26
Let b(u) = -u**3 + 7*u**2 + 11*u. Let r = 60 - 34. What is the remainder when b(6) is divided by r?
24
Let j(g) = -g**3 + 5*g**2 + 5*g - 1. Calculate the remainder when 70 is divided by j(5).
22
Suppose 0 = -x + 6*x + 5. Calculate the remainder when 20 is divided by (2 - -6) + (-3)/x.
9
Let z(h) = 5*h - 12. Let v be z(8). Let c = -17 + v. Let r(s) = -s**3 + 7*s**2 - 3*s + 2. What is the remainder when r(6) is divided by c?
9
Let w be 12/9*3/2. Suppose -w